{"id":15803,"date":"2025-02-15T11:05:30","date_gmt":"2025-02-15T10:05:30","guid":{"rendered":"https:\/\/ghelgheli.com\/?post_type=product&#038;p=15803"},"modified":"2025-04-16T21:24:45","modified_gmt":"2025-04-16T19:24:45","slug":"oil-paint-3","status":"publish","type":"product","link":"https:\/\/ghelgheli.com\/?product=oil-paint-3","title":{"rendered":"Oil paint"},"content":{"rendered":"<h4>Herz im Schweigen ist ein \u00d6lgem\u00e4lde auf Leinwand im Format 70 \u00d7 100 cm, gemalt im ausdrucksstarken Stil mit Einfl\u00fcssen aus Pantomime und moderner Symbolik.<\/h4>\n<h4>Ein wei\u00dfes Gesicht mit traurigem Blick tritt aus dem Dunkel hervor \u2013 in der Hand h\u00e4lt es ein rotes Herz. Kein Wort, kein Ton \u2013 nur eine Geste, die alles sagt.<\/h4>\n<h4>Die starke Farbkontraste und die reduzierte Formensprache verleihen dem Bild emotionale Tiefe und Klarheit. Es ist ein Bild \u00fcber stille Liebe, \u00fcber das Geben, auch wenn Worte fehlen.<\/h4>\n<h4>Farbpalette:<\/h4>\n<h4>Schwarz, Wei\u00df, reines Rot<\/h4>\n<h4>Botschaft des Werks:<\/h4>\n<h4>Herz im Schweigen ist ein stiller Ruf nach Verst\u00e4ndnis \u2013 f\u00fcr Liebe, die sich nicht in Sprache, sondern in Blicken und Gesten zeigt.<\/h4>\n","protected":false},"excerpt":{"rendered":"<p>Herz im Schweigen ist ein \u00d6lgem\u00e4lde auf Leinwand im Format 70 \u00d7 100 cm, gemalt im ausdrucksstarken Stil mit Einfl\u00fcssen<\/p>\n","protected":false},"featured_media":15918,"comment_status":"open","ping_status":"closed","template":"","meta":[],"product_cat":[74],"product_tag":[],"class_list":{"0":"post-15803","1":"product","2":"type-product","3":"status-publish","4":"has-post-thumbnail","6":"product_cat-painting","8":"first","9":"instock","10":"shipping-taxable","11":"purchasable","12":"product-type-simple"},"_links":{"self":[{"href":"https:\/\/ghelgheli.com\/index.php?rest_route=\/wp\/v2\/product\/15803","targetHints":{"allow":["GET"]}}],"collection":[{"href":"https:\/\/ghelgheli.com\/index.php?rest_route=\/wp\/v2\/product"}],"about":[{"href":"https:\/\/ghelgheli.com\/index.php?rest_route=\/wp\/v2\/types\/product"}],"replies":[{"embeddable":true,"href":"https:\/\/ghelgheli.com\/index.php?rest_route=%2Fwp%2Fv2%2Fcomments&post=15803"}],"version-history":[{"count":4,"href":"https:\/\/ghelgheli.com\/index.php?rest_route=\/wp\/v2\/product\/15803\/revisions"}],"predecessor-version":[{"id":15987,"href":"https:\/\/ghelgheli.com\/index.php?rest_route=\/wp\/v2\/product\/15803\/revisions\/15987"}],"wp:featuredmedia":[{"embeddable":true,"href":"https:\/\/ghelgheli.com\/index.php?rest_route=\/wp\/v2\/media\/15918"}],"wp:attachment":[{"href":"https:\/\/ghelgheli.com\/index.php?rest_route=%2Fwp%2Fv2%2Fmedia&parent=15803"}],"wp:term":[{"taxonomy":"product_cat","embeddable":true,"href":"https:\/\/ghelgheli.com\/index.php?rest_route=%2Fwp%2Fv2%2Fproduct_cat&post=15803"},{"taxonomy":"product_tag","embeddable":true,"href":"https:\/\/ghelgheli.com\/index.php?rest_route=%2Fwp%2Fv2%2Fproduct_tag&post=15803"}],"curies":[{"name":"wp","href":"https:\/\/api.w.org\/{rel}","templated":true}]}}