{"id":16078,"date":"2025-04-28T17:29:44","date_gmt":"2025-04-28T15:29:44","guid":{"rendered":"https:\/\/ghelgheli.com\/?post_type=product&#038;p=16078"},"modified":"2025-04-28T17:32:09","modified_gmt":"2025-04-28T15:32:09","slug":"naturliches-morganit-armband","status":"publish","type":"product","link":"https:\/\/ghelgheli.com\/?product=naturliches-morganit-armband","title":{"rendered":"Nat\u00fcrliches Morganit-Armband"},"content":{"rendered":"<h4>Nat\u00fcrliches Morganit-Armband<\/h4>\n<h4>Dieses Armband besteht aus nat\u00fcrlichen Morganitsteinen. Die Perlen sind unregelm\u00e4\u00dfig angeordnet und zeigen eine harmonische Mischung aus hellblauen, zartrosa, blassgelben und hellgr\u00fcnen Farbt\u00f6nen mit nat\u00fcrlichen Adern und Strukturen. Abgesehen von seiner beeindruckenden Sch\u00f6nheit soll Morganit die emotionale Heilung unterst\u00fctzen, soziale \u00c4ngste lindern und inneren Frieden f\u00f6rdern. Das Design des Armbands vermittelt ein Gef\u00fchl von Leichtigkeit, Sanftheit und positiver Energie in einem einzigartigen, nat\u00fcrlichen Stil.<\/h4>\n","protected":false},"excerpt":{"rendered":"<p>Nat\u00fcrliches Morganit-Armband Dieses Armband besteht aus nat\u00fcrlichen Morganitsteinen. Die Perlen sind unregelm\u00e4\u00dfig angeordnet und zeigen eine harmonische Mischung aus hellblauen,<\/p>\n","protected":false},"featured_media":16082,"comment_status":"open","ping_status":"closed","template":"","meta":[],"product_cat":[20,76],"product_tag":[],"class_list":{"0":"post-16078","1":"product","2":"type-product","3":"status-publish","4":"has-post-thumbnail","6":"product_cat-accessories","7":"product_cat-stone","9":"first","10":"instock","11":"shipping-taxable","12":"purchasable","13":"product-type-simple"},"_links":{"self":[{"href":"https:\/\/ghelgheli.com\/index.php?rest_route=\/wp\/v2\/product\/16078","targetHints":{"allow":["GET"]}}],"collection":[{"href":"https:\/\/ghelgheli.com\/index.php?rest_route=\/wp\/v2\/product"}],"about":[{"href":"https:\/\/ghelgheli.com\/index.php?rest_route=\/wp\/v2\/types\/product"}],"replies":[{"embeddable":true,"href":"https:\/\/ghelgheli.com\/index.php?rest_route=%2Fwp%2Fv2%2Fcomments&post=16078"}],"version-history":[{"count":1,"href":"https:\/\/ghelgheli.com\/index.php?rest_route=\/wp\/v2\/product\/16078\/revisions"}],"predecessor-version":[{"id":16086,"href":"https:\/\/ghelgheli.com\/index.php?rest_route=\/wp\/v2\/product\/16078\/revisions\/16086"}],"wp:featuredmedia":[{"embeddable":true,"href":"https:\/\/ghelgheli.com\/index.php?rest_route=\/wp\/v2\/media\/16082"}],"wp:attachment":[{"href":"https:\/\/ghelgheli.com\/index.php?rest_route=%2Fwp%2Fv2%2Fmedia&parent=16078"}],"wp:term":[{"taxonomy":"product_cat","embeddable":true,"href":"https:\/\/ghelgheli.com\/index.php?rest_route=%2Fwp%2Fv2%2Fproduct_cat&post=16078"},{"taxonomy":"product_tag","embeddable":true,"href":"https:\/\/ghelgheli.com\/index.php?rest_route=%2Fwp%2Fv2%2Fproduct_tag&post=16078"}],"curies":[{"name":"wp","href":"https:\/\/api.w.org\/{rel}","templated":true}]}}